pose 0 = -3*n - n + 3*a + 5, 0 = -a + 5. Calculate the greatest common factor of 10 and n.
5
Suppose 0 = 3*k, -5*k = y + 2*y - 21. Suppose 549 = y*i - 123. Calculate the greatest common factor of i and 32.
32
Suppose 5*o = -2*x + 47 + 92, 3*x + 4*o = 205. What is the greatest common factor of 134 and x?
67
Let l be 40 + -3 + 0 - 2. Suppose -2*i + l = -i. Suppose 4*m = 3*x + 71, 3*m + 2*m = 3*x + 85. What is the highest common divisor of i and m?
7
Suppose 15*z - 7*z = 288. Calculate the greatest common divisor of z and 9.
9
Suppose 5*t - 1625 = -4*j, 419 - 17 = j - 3*t. What is the greatest common factor of j and 30?
15
Suppose g - 7*x = -3*x + 102, 0 = 4*g - 2*x - 422. What is the greatest common divisor of g and 1219?
53
Let p = -742 - -1332. What is the greatest common divisor of p and 10?
10
Suppose 0 = -2*k + k - 1. Let o be (-17 + k)*(-3)/9. Let p = o - -13. Calculate the highest common factor of 152 and p.
19
Suppose 8*n - 8 = 8. Suppose -5 = h + n*b + 2*b, 0 = -5*h + 2*b + 19. Calculate the highest common divisor of h and 6.
3
Let s(j) = j + 6. Let f be s(0). Suppose 0 = 3*o - f, 4*h + o = h + 38. Let t = -2 + h. Calculate the greatest common divisor of t and 20.
10
Suppose -5*j + z + 55 = 6*z, j + 2*z = 14. Let t be 32*(1 - (-2)/j). Let w = -46 - -66. What is the highest common divisor of t and w?
20
Let o(u) = 4*u**3 - 4*u**2 - 2*u - 8. Let d be -2 + (-18)/(-8) - 90/(-24). Let s be o(d). Calculate the greatest common divisor of 16 and s.
16
Suppose 2 = 2*c - c. Suppose 0 = 5*l + 6*s - c*s - 98, 15 = -5*s. What is the highest common factor of 242 and l?
22
Let m(v) = 2*v**2 + 5*v + 1. Let n be m(-4). Let z(o) = -o**3 + 13*o**2 - 30*o + 11. Let j be z(9). What is the greatest common divisor of j and n?
13
Let v = 141 - 121. Let h be (-1)/4 + (-18)/(-8). Suppose 2*w + h*w = 5*m + 12, -w + 16 = 2*m. Calculate the highest common factor of v and w.
4
Let x = 47 - 24. Let w = -42 + 23. Let c = x + w. Calculate the greatest common divisor of c and 6.
2
Let w = 33 + -28. Let o = 53 - w. What is the greatest common factor of o and 72?
24
Suppose 5*w - w = -76. Let c = w + 31. Let f be (-2028)/(-42) - (-8)/140*-5. What is the greatest common divisor of c and f?
12
Let h be ((10/5)/1)/(6/84). Calculate the highest common divisor of 266 and h.
14
Let y be 6/(-8) - (-9927)/36. Calculate the highest common factor of 11 and y.
11
Let c = 762 + 90. What is the greatest common factor of 36 and c?
12
Suppose 0 = -5*f + 157 + 173. Let s be ((-2)/4)/((-11)/f). Suppose 15 = -n + 4*n, s*t - 3*n = 51. What is the greatest common divisor of t and 33?
11
Let b = -42 - -43. What is the greatest common factor of 1 and b?
1
Let i = 41 + -6. Let p be i/14*2*1. Let b be (3/p)/(3/105). Calculate the highest common divisor of b and 3.
3
Let s be 34/(-6) + (-4)/(-6) + 37. Suppose 0 = -0*p + 4*p + 80. Let r be (p/(-3))/((-3)/(-36)). What is the highest common divisor of s and r?
16
Suppose 0 = 3*q - 2*m - 17, 4*q + 5*m + 0*m + 8 = 0. Suppose -q*p = 2*v - 29, 5*p = -3*v + 23 + 27. What is the greatest common factor of p and 13?
13
Let o(m) = -11*m - m**2 + 5 + 3 + 0 - 4. Let n be o(-11). Calculate the greatest common factor of 8 and n.
4
Suppose 6*d + 6*d - 72 = 0. Suppose -d*o + 532 = -92. What is the highest common divisor of 13 and o?
13
Let h be -8*(-7)/7 - -6. What is the greatest common divisor of 28 and h?
14
Suppose 0 = 5*d - 2*l - 112, -110 = -5*d - 2*l - 2. Suppose -5*s = -33 - d. Let f = -5 + s. Calculate the greatest common divisor of f and 18.
6
Let b(t) = -t**2 - 9*t + 27. Let u be (-4)/(-12)*6 - 12. Let l be b(u). Let f = 126 + -7. What is the greatest common divisor of l and f?
17
Let t(q) = 2*q + 1. Let w be t(1). Let f be (-6)/(-18) + 8/w. Calculate the highest common factor of 2 and f.
1
Let k = -31 + 40. Suppose -3*s - 5*t = -165, 0 = 4*t + k + 3. What is the greatest common divisor of 40 and s?
20
Suppose -5*o - s - 2*s = -20610, -2*o + 5*s + 8275 = 0. Calculate the highest common factor of o and 165.
165
Let b(l) = -l**3 - 11*l**2 - 3*l - 7. Let d be 2/3 + 105/(-9). Let u be b(d). Calculate the highest common divisor of 65 and u.
13
Let t be -3 - (-95)/(5/1). Let k(i) = -i. Let q be k(-2). Calculate the highest common factor of t and q.
2
Suppose -x - 3 = 0, 3*r = -65*x + 60*x + 30. Calculate the highest common factor of r and 2595.
15
Let r(c) = 36*c**3 + 6*c**2 - 17*c - 3. Let l be r(4). Calculate the greatest common factor of 274 and l.
137
Let f = 4 - -2. Suppose -a - q = -5*a - 43, 56 = -3*a - 4*q. Let y be 86/6 - a/18. What is the highest common divisor of f and y?
3
Let u = 16 + -14. Suppose 5*k + 30 = 55. What is the highest common factor of k and u?
1
Let q be (-16)/(-48) - (-10)/6. Suppose m + 2 = 0, q*w = 2*m + 50 + 2. Calculate the highest common factor of 3 and w.
3
Let u = -3 + 8. Suppose 255 = 64*g - 47*g. What is the highest common divisor of g and u?
5
Let y(n) = n**3 + 7*n**2 - 37*n - 4. Let f be y(13). What is the greatest common factor of 15 and f?
15
Suppose 2*t - 2*m = 3*m + 135, -2*t + 3*m = -129. What is the highest common divisor of t and 300?
60
Suppose -4*g + 125 = -3*f, -3*g - 15*f + 11*f + 100 = 0. Calculate the highest common factor of 64 and g.
32
Let x(z) = 20*z**2 - 6*z + 2. Let g be x(-6). Let m = 9 + -4. Suppose 5*w = -3*j + g, -m*w - 2*j = -0*w - 762. What is the highest common divisor of 14 and w?
14
Suppose 4*k = -48 + 368. Let u be (-72)/(-10)*k/6. What is the greatest common divisor of 32 and u?
32
Let j = -252 + 324. What is the highest common divisor of j and 4?
4
Let o be (3 - 2) + 8*35. Suppose 5*y = -5*i + o + 149, 2*i = 3*y - 248. Let r = 164 + -152. What is the greatest common divisor of y and r?
12
Let o = 21 + -15. Calculate the greatest common factor of o and 102.
6
Let y be (-2)/9 + 66033/81. Let j be (-3*1)/(5 + y/(-160)). What is the greatest common factor of 40 and j?
8
Let d = -28 - -33. Suppose n + 324 = d*n. What is the highest common divisor of 9 and n?
9
Let c = -11 - -4. Let s = c - -9. Suppose 2*b = -0*b - 2*w + 56, -3*b - s*w = -86. Calculate the highest common divisor of b and 10.
10
Let o(h) = 16*h - 34. Let w be o(4). Suppose f = -25 + w. Calculate the greatest common factor of 65 and f.
5
Suppose -3*s + 46 = 2*i, -5*i + 5*s + 10 = -130. Let d = i + 1. Calculate the highest common divisor of 270 and d.
27
Suppose -339*u + 350*u = 946. Calculate the greatest common divisor of u and 1247.
43
Let s = -102 - -296. Let p = s + -134. Calculate the greatest common factor of p and 150.
30
Let l be 0/(-8) + -2 + 7. What is the highest common factor of 80 and l?
5
Let x(y) = -y**3 + 5*y**2. Let j be x(5). Let l(i) = -i**2 + 2*i + 70. Let w be l(j). Calculate the greatest common divisor of w and 10.
10
Let d = 52 - 37. Let z be 5/(d/6) - -2. Calculate the greatest common divisor of 12 and z.
4
Suppose 430409 = 124*h + 98213. Calculate the greatest common factor of 19 and h.
19
Let c be (21/7)/(6/8). Suppose -2*w + 140 = -c*p, -5*p - 29 = -w + 26. Suppose -2*l + w = 2*l. Calculate the highest common divisor of 4 and l.
4
Let r(w) be the second derivative of w**4/4 + w**3 + 9*w**2/2 + 47*w. Let h be r(-3). Calculate the greatest common divisor of 18 and h.
18
Suppose -46*j + 49*j = 0. Suppose j*i - m = 2*i - 43, -m + 115 = 5*i. What is the greatest common divisor of i and 3?
3
Let m(d) = 32*d**2 + 5*d + 5. Let i be m(-5). Calculate the highest common divisor of 60 and i.
60
Suppose -282*a = -286*a + 288. What is the highest common factor of 234 and a?
18
Suppose 2*g + 68 = -4*t, 0 = -3*t - g + 5*g - 51. Let c = -5 - t. Calculate the greatest common divisor of c and 36.
12
Suppose 15*m - 11*m - 4 = 0. Let k(j) = 38*j. Let h be k(m). Calculate the greatest common factor of h and 266.
38
Let b(i) be the third derivative of -i**5/60 + 19*i**4/24 - 5*i**3/3 - 49*i**2. Let t be b(9). What is the highest common factor of t and 120?
40
Let l(z) = z**2 - 13*z + 50. Let t(c) = -c**2 + 10*c + 18. Let s be t(11). Let m be l(s). What is the greatest common factor of m and 8?
8
Let z = 16 - -44. Suppose u - z = -4*u. Let g = 18 - 6. Calculate the highest common factor of u and g.
12
Let n(b) = -1 + 15 - 5*b + 3*b. Let o be n(5). Let w = -2 + 8. What is the highest common factor of o and w?
2
Let x = -160 